{"id":355,"date":"2025-08-05T08:18:43","date_gmt":"2025-08-05T08:18:43","guid":{"rendered":"https:\/\/heidi-aichinger.at\/?page_id=355"},"modified":"2025-08-19T15:35:13","modified_gmt":"2025-08-19T15:35:13","slug":"ueber-mich","status":"publish","type":"page","link":"https:\/\/heidi-aichinger.at\/?page_id=355","title":{"rendered":"\u00dcber mich"},"content":{"rendered":"\n<div class=\"wp-block-cover alignfull\" style=\"min-height:365px;aspect-ratio:unset;\"><img loading=\"lazy\" decoding=\"async\" width=\"1920\" height=\"1440\" class=\"wp-block-cover__image-background wp-image-776 size-full\" alt=\"\" src=\"http:\/\/heidi-aichinger.at\/wp-content\/uploads\/2025\/08\/dandelion-3379392_1920.jpg\" style=\"object-position:35% 44%\" data-object-fit=\"cover\" data-object-position=\"35% 44%\" srcset=\"https:\/\/heidi-aichinger.at\/wp-content\/uploads\/2025\/08\/dandelion-3379392_1920.jpg 1920w, https:\/\/heidi-aichinger.at\/wp-content\/uploads\/2025\/08\/dandelion-3379392_1920-300x225.jpg 300w, https:\/\/heidi-aichinger.at\/wp-content\/uploads\/2025\/08\/dandelion-3379392_1920-1024x768.jpg 1024w, https:\/\/heidi-aichinger.at\/wp-content\/uploads\/2025\/08\/dandelion-3379392_1920-768x576.jpg 768w, https:\/\/heidi-aichinger.at\/wp-content\/uploads\/2025\/08\/dandelion-3379392_1920-1536x1152.jpg 1536w, https:\/\/heidi-aichinger.at\/wp-content\/uploads\/2025\/08\/dandelion-3379392_1920-500x375.jpg 500w, https:\/\/heidi-aichinger.at\/wp-content\/uploads\/2025\/08\/dandelion-3379392_1920-800x600.jpg 800w, https:\/\/heidi-aichinger.at\/wp-content\/uploads\/2025\/08\/dandelion-3379392_1920-1280x960.jpg 1280w\" sizes=\"auto, (max-width: 1920px) 100vw, 1920px\" \/><span aria-hidden=\"true\" class=\"wp-block-cover__background has-background-dim-0 has-background-dim\"><\/span><div class=\"wp-block-cover__inner-container is-layout-flow wp-block-cover-is-layout-flow\">\n<p class=\"has-text-align-right has-base-color has-text-color has-link-color has-x-large-font-size wp-elements-2cbec166a21d71cdfc0c58a25827c075\"><\/p>\n\n\n\n<p class=\"has-text-align-right has-base-color has-text-color has-link-color has-x-large-font-size wp-elements-2cbec166a21d71cdfc0c58a25827c075\"><\/p>\n<\/div><\/div>\n\n\n\n<div class=\"wp-block-columns alignfull is-layout-flex wp-container-core-columns-is-layout-28f84493 wp-block-columns-is-layout-flex\">\n<div class=\"wp-block-column is-layout-flow wp-block-column-is-layout-flow\">\n<p class=\"has-text-align-center has-custom-color-5-background-color has-background has-x-large-font-size\">&#8222;Weil ich weitergeben m\u00f6chte, was mich selbst tief ber\u00fchrt hat!&#8220;<\/p>\n<\/div>\n<\/div>\n\n\n\n<div class=\"wp-block-columns alignfull is-layout-flex wp-container-core-columns-is-layout-28f84493 wp-block-columns-is-layout-flex\">\n<div class=\"wp-block-column is-layout-flow wp-block-column-is-layout-flow\">\n<div class=\"wp-block-columns is-layout-flex wp-container-core-columns-is-layout-28f84493 wp-block-columns-is-layout-flex\">\n<div class=\"wp-block-column is-layout-flow wp-block-column-is-layout-flow\" style=\"flex-basis:100%\">\n<div class=\"wp-block-group has-global-padding is-layout-constrained wp-block-group-is-layout-constrained\">\n<p><\/p>\n\n\n\n<p class=\"has-text-align-left has-comfortaa-font-family has-large-font-size\"><strong>Hallo, ich bin Heidi<\/strong><\/p>\n\n\n\n<p class=\"has-text-align-left has-comfortaa-font-family has-large-font-size\"><br>Mein Weg begann mit der Geburt und F\u00f6rderung meines mittlerweile erwachsenen Sohnes, der besondere Unterst\u00fctzung ben\u00f6tigt. Diese Erfahrung hat mich tief gepr\u00e4gt und f\u00fchrte mich zun\u00e4chst in den Lehrerberuf, den ich nun seit fast 30 Jahren mit Leidenschaft aus\u00fcbe.<\/p>\n\n\n\n<p class=\"has-comfortaa-font-family has-large-font-size\">Durch meinen Sohn habe ich fr\u00fch erfahren, wie herausfordernd Entwicklung sein kann \u2013 und wie wichtig es ist, die wahren Ursachen hinter Auff\u00e4lligkeiten zu erkennen. <\/p>\n\n\n\n<p class=\"has-comfortaa-font-family has-large-font-size\">Angetrieben von Neugier und dem Wunsch, Kinder in ihrer Entwicklung bestm\u00f6glich zu begleiten, habe ich mich kontinuierlich weitergebildet: als Volksschullehrerin, Beratungslehrerin, systemische Coachin, Traumap\u00e4dagogin, Kinder-, Jugend- und Familienberaterin und Reflextrainerin. In all diesen Rollen treibt mich eine zentrale Frage an: Warum \u201eticken\u201c manche Kinder, wie sie ticken? Und was kann ihnen wirklich helfen, gesund und gest\u00e4rkt aufzuwachsen?<\/p>\n\n\n\n<p><\/p>\n\n\n\n<p class=\"has-comfortaa-font-family has-large-font-size\">Seit vielen Jahren begleite ich nun Kinder, Eltern und Familien \u2013 besonders dann, wenn der Alltag herausfordernd wird und klassische Methoden an ihre Grenzen sto\u00dfen. <\/p>\n\n\n\n<p><\/p>\n\n\n\n<p class=\"has-comfortaa-font-family has-large-font-size\">In meiner Arbeit verbinde ich p\u00e4dagogisches Fachwissen, systemisches Denken und neurophysiologische Ans\u00e4tze, um die Ursachen von Schulproblemen, Verhaltensauff\u00e4lligkeiten oder emotionalen Blockaden ganzheitlich zu erkennen und zu l\u00f6sen. Ich schaffe einen Raum, in dem Menschen verstanden werden \u2013 oft auch ohne viele Worte. Dabei arbeite ich achtsam, klar und stets auf Augenh\u00f6he, gest\u00fctzt auf fundiertes Wissen, erprobte Methoden, die mich selbst zutiefst ber\u00fchrt haben \u2013 und vor allem auf meine Intuition.<\/p>\n\n\n\n<p class=\"has-text-align-left has-comfortaa-font-family has-large-font-size\">Ob durch Reflexintegration, systemische Aufstellung oder einf\u00fchlsames Coaching \u2013 mein Ziel ist es, wieder mehr Leichtigkeit, Klarheit und Verbindung in das Familiensystem zu bringen.<br><br><\/p>\n\n\n\n<p class=\"has-text-align-left has-comfortaa-font-family\"><\/p>\n<\/div>\n<\/div>\n<\/div>\n<\/div>\n\n\n\n<div class=\"wp-block-column is-layout-flow wp-block-column-is-layout-flow\">\n<p><\/p>\n<\/div>\n<\/div>\n\n\n\n<p><\/p>\n\n\n\n<p><\/p>\n\n\n\n<div class=\"wp-block-nk-awb nk-awb alignwide\"><div class=\"nk-awb-wrap-content has-global-padding is-layout-constrained wp-block-awb-is-layout-constrained\">\n<p>Kontakt<\/p>\n<\/div><\/div>\n\n\n\n<p><strong>Meine Qualifikationen<\/strong><br>Studium an der P\u00e4dagogischen Hochschule f\u00fcr Lehramt Primarstufe<\/p>\n\n\n\n<p>PH O\u00d6 Lehrgang Integrationslehrerausbildung<\/p>\n\n\n\n<p>PH N\u00d6 Lehrgang Montessori-P\u00e4dagogik<\/p>\n\n\n\n<p>Diplomausbildung Legasthenietrainer<\/p>\n\n\n\n<p>PH N\u00d6 Akademielehrgang Psychomotorik<\/p>\n\n\n\n<p>Diplomausbildung Psychosoziale Beratung<\/p>\n\n\n\n<p>Hochschullehrgang P\u00e4dagogik f\u00fcr Kinder und Jugendliche mit emotionalen und sozialem F\u00f6rderbedarf<\/p>\n\n\n\n<p>Ausbildung: Bindungsbasierte Beratung und Bindungspsychotherapie<\/p>\n\n\n\n<p>Hochschullehrgang mit Masterabschluss Traumap\u00e4dagogik<\/p>\n\n\n\n<p>Zertifizierter Systemischer Kinder-, Jugend- und Familiencoach<\/p>\n\n\n\n<p>Lehrgang Systemische Aufstellungsarbeit<\/p>\n\n\n\n<p>Zertifizierte KinFlex<sup>\u00ae<\/sup> Trainerin\u00a0\u00a0<\/p>\n\n\n\n<p>Zertifizierte LiBRA<sup>\u00ae<\/sup> Trainerin<br><\/p>\n","protected":false},"excerpt":{"rendered":"<p>&#8222;Weil ich weitergeben m\u00f6chte, was mich selbst tief ber\u00fchrt hat!&#8220; Hallo, ich bin Heidi Mein Weg begann mit der Geburt und F\u00f6rderung meines mittlerweile erwachsenen Sohnes, der besondere Unterst\u00fctzung ben\u00f6tigt. Diese Erfahrung hat mich tief gepr\u00e4gt und f\u00fchrte mich zun\u00e4chst in den Lehrerberuf, den ich nun seit fast 30 Jahren mit Leidenschaft aus\u00fcbe. Durch meinen [&hellip;]<\/p>\n","protected":false},"author":1,"featured_media":0,"parent":0,"menu_order":0,"comment_status":"closed","ping_status":"closed","template":"","meta":{"footnotes":""},"class_list":["post-355","page","type-page","status-publish","hentry"],"_links":{"self":[{"href":"https:\/\/heidi-aichinger.at\/index.php?rest_route=\/wp\/v2\/pages\/355","targetHints":{"allow":["GET"]}}],"collection":[{"href":"https:\/\/heidi-aichinger.at\/index.php?rest_route=\/wp\/v2\/pages"}],"about":[{"href":"https:\/\/heidi-aichinger.at\/index.php?rest_route=\/wp\/v2\/types\/page"}],"author":[{"embeddable":true,"href":"https:\/\/heidi-aichinger.at\/index.php?rest_route=\/wp\/v2\/users\/1"}],"replies":[{"embeddable":true,"href":"https:\/\/heidi-aichinger.at\/index.php?rest_route=%2Fwp%2Fv2%2Fcomments&post=355"}],"version-history":[{"count":20,"href":"https:\/\/heidi-aichinger.at\/index.php?rest_route=\/wp\/v2\/pages\/355\/revisions"}],"predecessor-version":[{"id":848,"href":"https:\/\/heidi-aichinger.at\/index.php?rest_route=\/wp\/v2\/pages\/355\/revisions\/848"}],"wp:attachment":[{"href":"https:\/\/heidi-aichinger.at\/index.php?rest_route=%2Fwp%2Fv2%2Fmedia&parent=355"}],"curies":[{"name":"wp","href":"https:\/\/api.w.org\/{rel}","templated":true}]}}