{"id":353,"date":"2025-08-05T08:18:08","date_gmt":"2025-08-05T08:18:08","guid":{"rendered":"https:\/\/heidi-aichinger.at\/?page_id=353"},"modified":"2025-08-18T11:44:54","modified_gmt":"2025-08-18T11:44:54","slug":"angebote","status":"publish","type":"page","link":"https:\/\/heidi-aichinger.at\/?page_id=353","title":{"rendered":"Angebote"},"content":{"rendered":"\n<div class=\"wp-block-cover alignfull\" style=\"min-height:244px;aspect-ratio:unset;\"><img loading=\"lazy\" decoding=\"async\" width=\"1024\" height=\"680\" class=\"wp-block-cover__image-background wp-image-764 size-large\" alt=\"\" src=\"http:\/\/heidi-aichinger.at\/wp-content\/uploads\/2025\/08\/feather-8250304_1920-1024x680.jpg\" style=\"object-position:64% 75%\" data-object-fit=\"cover\" data-object-position=\"64% 75%\" srcset=\"https:\/\/heidi-aichinger.at\/wp-content\/uploads\/2025\/08\/feather-8250304_1920-1024x680.jpg 1024w, https:\/\/heidi-aichinger.at\/wp-content\/uploads\/2025\/08\/feather-8250304_1920-300x199.jpg 300w, https:\/\/heidi-aichinger.at\/wp-content\/uploads\/2025\/08\/feather-8250304_1920-768x510.jpg 768w, https:\/\/heidi-aichinger.at\/wp-content\/uploads\/2025\/08\/feather-8250304_1920-1536x1020.jpg 1536w, https:\/\/heidi-aichinger.at\/wp-content\/uploads\/2025\/08\/feather-8250304_1920-500x332.jpg 500w, https:\/\/heidi-aichinger.at\/wp-content\/uploads\/2025\/08\/feather-8250304_1920-800x531.jpg 800w, https:\/\/heidi-aichinger.at\/wp-content\/uploads\/2025\/08\/feather-8250304_1920-1280x850.jpg 1280w, https:\/\/heidi-aichinger.at\/wp-content\/uploads\/2025\/08\/feather-8250304_1920.jpg 1920w\" sizes=\"auto, (max-width: 1024px) 100vw, 1024px\" \/><span aria-hidden=\"true\" class=\"wp-block-cover__background has-background-dim-0 has-background-dim\" style=\"background-color:#5c5e67\"><\/span><div class=\"wp-block-cover__inner-container is-layout-flow wp-block-cover-is-layout-flow\">\n<p class=\"has-text-align-right has-base-color has-text-color has-link-color has-x-large-font-size wp-elements-80037e91c434c32442d977b816ecaa56\">Angebot<\/p>\n<\/div><\/div>\n\n\n\n<div class=\"wp-block-columns alignfull is-layout-flex wp-container-core-columns-is-layout-28f84493 wp-block-columns-is-layout-flex\">\n<div class=\"wp-block-column is-layout-flow wp-block-column-is-layout-flow\">\n<p class=\"has-text-align-center has-custom-color-5-background-color has-background\">&#8222;Es ist leichter Probleme zu l\u00f6sen, als mit ihnen zu leben.&#8220; (Albert Einstein)<\/p>\n<\/div>\n<\/div>\n\n\n\n<div class=\"wp-block-columns alignfull is-layout-flex wp-container-core-columns-is-layout-28f84493 wp-block-columns-is-layout-flex\">\n<div class=\"wp-block-column is-layout-flow wp-block-column-is-layout-flow\">\n<div class=\"wp-block-columns is-layout-flex wp-container-core-columns-is-layout-28f84493 wp-block-columns-is-layout-flex\">\n<div class=\"wp-block-column is-layout-flow wp-block-column-is-layout-flow\" style=\"flex-basis:100%\">\n<div class=\"wp-block-group has-global-padding is-layout-constrained wp-block-group-is-layout-constrained\">\n<p><br><br><strong>Deine Investition f\u00fcr mehr Leichtigkeit in deiner Familie!<\/strong> <br>Betrachte die angegebenen Preise als Investition in dich selbst, denn du darfst es dir wert sein. <br><br>Das Kennenlerngespr\u00e4ch ist immer kostenlos und verbindlich!<br><\/p>\n\n\n\n<p>799\u20ac als Gesamtpaket<\/p>\n\n\n\n<p><strong>Das Gesamtpaket beinhaltet:<\/strong><br><\/p>\n\n\n\n<ol class=\"wp-block-list\">\n<li>Auswertung des Fragebogens<\/li>\n\n\n\n<li>Ermittlung und Bearbeitung der  Reflexe<\/li>\n\n\n\n<li>telefonischer Support zwischen den Sitzungen (wenn ben\u00f6tigt)<\/li>\n\n\n\n<li>Abschlussgespr\u00e4ch<\/li>\n\n\n\n<li>in der Regel  max. 6 Termine<br><br><\/li>\n<\/ol>\n\n\n\n<p class=\"has-comfortaa-font-family\"><strong>Du hast mehrere Kinder, f\u00fcr welche die Therapie in Frage kommt?<\/strong><\/p>\n\n\n\n<p class=\"has-text-align-left has-comfortaa-font-family has-large-font-size\">&nbsp;Ich biete Geschwister-\/ Familienrabatte, Ratenzahlung und indviduelle F\u00f6rderung.<\/p>\n\n\n\n<p class=\"has-comfortaa-font-family has-large-font-size\">Im Sinne deines Kindes finden wir ganz bestimmt eine f\u00fcr uns alle passende L\u00f6sung.<\/p>\n\n\n\n<p class=\"has-text-align-left has-comfortaa-font-family has-large-font-size\">Sprich mich bei Bedarf einfach an!<br><\/p>\n<\/div>\n<\/div>\n<\/div>\n<\/div>\n<\/div>\n\n\n\n<div class=\"wp-block-nk-awb nk-awb alignwide\"><div class=\"nk-awb-wrap-content has-global-padding is-layout-constrained wp-block-awb-is-layout-constrained\">\n<p>Du magst keine Pakete? <br><br>Der Preis pro KinFlex\u00ae-<strong>Einzelsitzung<\/strong>&nbsp;betr\u00e4gt&nbsp;<strong>140 Euro<\/strong>, die Dauer liegt bei 60 &#8211; 75 Minuten.<\/p>\n\n\n\n<p><\/p>\n<\/div><\/div>\n\n\n\n<p><\/p>\n\n\n\n<p><\/p>\n\n\n\n<p class=\"has-comfortaa-font-family\"><strong>WICHTIG!<\/strong><br>In meiner Praxis ist jeder willkommen, da es sich bei meinen Klienten um SELBSTZAHLER handelt! Meine Arbeit setzt den eigenen Wunsch nach Ver\u00e4nderung voraus. Kinder und Erwachsene, mit denen ich arbeite, kennen ihr Thema und wollen von sich aus kommen!<br><br><\/p>\n\n\n\n<div class=\"wp-block-columns alignfull has-custom-color-5-background-color has-background is-layout-flex wp-container-core-columns-is-layout-28f84493 wp-block-columns-is-layout-flex\">\n<div class=\"wp-block-column is-layout-flow wp-block-column-is-layout-flow\">\n<p><strong>Rechtliche Hinweise:<\/strong><\/p>\n\n\n\n<p>ich arbeite als selbstst\u00e4ndige Trainerin &#038;&nbsp; Coach. Die angebotenen Leistungen sind keine Behandlung im medizinischen oder naturheilkundlichen Sinn, sondern dienen ausschlie\u00dflich der Gesundheitsf\u00f6rderung, Pers\u00f6nlichkeitsentwicklung sowie der neuronalen Schulreife. Die Inanspruchnahme der angebotenen Leistungen ersetzt keinesfalls eine \u00e4rztliche Behandlung und\/oder Therapie. Es werden keine Diagnosen gestellt, keine Heilungsversprechen gegeben, keine Medikamente verabreicht oder empfohlen, prim\u00e4r keine Leiden mit medizinischem Erfordernis behandelt.<\/p>\n\n\n\n<p><strong>Zur Beachtung:<\/strong><\/p>\n\n\n\n<p>F\u00fcr einen gesunden Menschen stellt das Reflextraining sowie das Coaching kein Risiko dar. Bei vorliegenden Diagnosen ist eine R\u00fccksprache mit dem behandelnden Arzt oder Therapeuten erforderlich. Bitte Informieren Sie mich \u00fcber die gesundheitliche Situation, \u00e4rztliche, psychologische, psychiatrische Behandlung &#038; Diagnose(n) sowie eine aktuelle Medikamenteneinnahme.<\/p>\n\n\n\n<p><strong>Schweigepflicht:<\/strong><\/p>\n\n\n\n<p>Alle Informationen \u00fcber den Klienten und \u00fcber die Sitzungen unterliegen der Schweigepflicht meinerseits. Auf Wunsch kann ich von der Schweigepflicht entbunden werden. Dies geschieht nur schriftlich und f\u00fcr einen konkreten Fall (bspw. Gespr\u00e4ch zw. &nbsp;mir und Lehrer).<br><br><br><\/p>\n<\/div>\n<\/div>\n\n\n\n<p class=\"has-comfortaa-font-family\"><br><\/p>\n\n\n\n<p><\/p>\n","protected":false},"excerpt":{"rendered":"<p>&#8222;Es ist leichter Probleme zu l\u00f6sen, als mit ihnen zu leben.&#8220; (Albert Einstein) Deine Investition f\u00fcr mehr Leichtigkeit in deiner Familie! Betrachte die angegebenen Preise als Investition in dich selbst, denn du darfst es dir wert sein. Das Kennenlerngespr\u00e4ch ist immer kostenlos und verbindlich! 799\u20ac als Gesamtpaket Das Gesamtpaket beinhaltet: Du hast mehrere Kinder, f\u00fcr [&hellip;]<\/p>\n","protected":false},"author":1,"featured_media":0,"parent":0,"menu_order":0,"comment_status":"closed","ping_status":"closed","template":"","meta":{"footnotes":""},"class_list":["post-353","page","type-page","status-publish","hentry"],"_links":{"self":[{"href":"https:\/\/heidi-aichinger.at\/index.php?rest_route=\/wp\/v2\/pages\/353","targetHints":{"allow":["GET"]}}],"collection":[{"href":"https:\/\/heidi-aichinger.at\/index.php?rest_route=\/wp\/v2\/pages"}],"about":[{"href":"https:\/\/heidi-aichinger.at\/index.php?rest_route=\/wp\/v2\/types\/page"}],"author":[{"embeddable":true,"href":"https:\/\/heidi-aichinger.at\/index.php?rest_route=\/wp\/v2\/users\/1"}],"replies":[{"embeddable":true,"href":"https:\/\/heidi-aichinger.at\/index.php?rest_route=%2Fwp%2Fv2%2Fcomments&post=353"}],"version-history":[{"count":16,"href":"https:\/\/heidi-aichinger.at\/index.php?rest_route=\/wp\/v2\/pages\/353\/revisions"}],"predecessor-version":[{"id":765,"href":"https:\/\/heidi-aichinger.at\/index.php?rest_route=\/wp\/v2\/pages\/353\/revisions\/765"}],"wp:attachment":[{"href":"https:\/\/heidi-aichinger.at\/index.php?rest_route=%2Fwp%2Fv2%2Fmedia&parent=353"}],"curies":[{"name":"wp","href":"https:\/\/api.w.org\/{rel}","templated":true}]}}